{"id":5016,"date":"2025-12-17T13:47:07","date_gmt":"2025-12-17T12:47:07","guid":{"rendered":"https:\/\/projectefragments.com\/?post_type=actividad&#038;p=5016"},"modified":"2025-12-17T13:47:07","modified_gmt":"2025-12-17T12:47:07","slug":"de-cero-a-terra-nullius-un-dialogo-con-andreu-esteban-y-lidon-fores","status":"publish","type":"actividad","link":"http:\/\/projectefragments.com\/es\/programacion\/de-cero-a-terra-nullius-un-dialogo-con-andreu-esteban-y-lidon-fores\/","title":{"rendered":"De cero a Terra Nullius: Un di\u00e1logo con Andreu Esteban y Lid\u00f3n For\u00e9s"},"featured_media":5017,"menu_order":3,"template":"","categories":[],"class_list":["post-5016","actividad","type-actividad","status-publish","has-post-thumbnail","hentry"],"acf":[],"yoast_head":"<!-- This site is optimized with the Yoast SEO plugin v27.5 - https:\/\/yoast.com\/product\/yoast-seo-wordpress\/ -->\n<title>De cero a Terra Nullius: Un di\u00e1logo con Andreu Esteban y Lid\u00f3n For\u00e9s | Projecte Fragments<\/title>\n<meta name=\"robots\" content=\"index, follow, max-snippet:-1, max-image-preview:large, max-video-preview:-1\" \/>\n<link rel=\"canonical\" href=\"http:\/\/projectefragments.com\/es\/programacion\/de-cero-a-terra-nullius-un-dialogo-con-andreu-esteban-y-lidon-fores\/\" \/>\n<meta property=\"og:locale\" content=\"es_ES\" \/>\n<meta property=\"og:type\" content=\"article\" \/>\n<meta property=\"og:title\" content=\"De cero a Terra Nullius: Un di\u00e1logo con Andreu Esteban y Lid\u00f3n For\u00e9s | Projecte Fragments\" \/>\n<meta property=\"og:url\" content=\"http:\/\/projectefragments.com\/es\/programacion\/de-cero-a-terra-nullius-un-dialogo-con-andreu-esteban-y-lidon-fores\/\" \/>\n<meta property=\"og:site_name\" content=\"Projecte Fragments\" \/>\n<meta property=\"article:publisher\" content=\"https:\/\/www.facebook.com\/projectefragments\/\" \/>\n<meta property=\"og:image\" content=\"http:\/\/projectefragments.com\/fragments_adm\/wp-content\/uploads\/2025\/12\/peque-1.jpg\" \/>\n\t<meta property=\"og:image:width\" content=\"1200\" \/>\n\t<meta property=\"og:image:height\" content=\"1762\" \/>\n\t<meta property=\"og:image:type\" content=\"image\/jpeg\" \/>\n<meta name=\"twitter:card\" content=\"summary_large_image\" \/>\n<meta name=\"twitter:site\" content=\"@proj_fragments\" \/>\n<meta name=\"twitter:label1\" content=\"Tiempo de lectura\" \/>\n\t<meta name=\"twitter:data1\" content=\"1 minuto\" \/>\n<script type=\"application\/ld+json\" class=\"yoast-schema-graph\">{\"@context\":\"https:\\\/\\\/schema.org\",\"@graph\":[{\"@type\":\"WebPage\",\"@id\":\"http:\\\/\\\/projectefragments.com\\\/es\\\/programacion\\\/de-cero-a-terra-nullius-un-dialogo-con-andreu-esteban-y-lidon-fores\\\/\",\"url\":\"http:\\\/\\\/projectefragments.com\\\/es\\\/programacion\\\/de-cero-a-terra-nullius-un-dialogo-con-andreu-esteban-y-lidon-fores\\\/\",\"name\":\"De cero a Terra Nullius: Un di\u00e1logo con Andreu Esteban y Lid\u00f3n For\u00e9s | Projecte Fragments\",\"isPartOf\":{\"@id\":\"http:\\\/\\\/projectefragments.com\\\/#website\"},\"primaryImageOfPage\":{\"@id\":\"http:\\\/\\\/projectefragments.com\\\/es\\\/programacion\\\/de-cero-a-terra-nullius-un-dialogo-con-andreu-esteban-y-lidon-fores\\\/#primaryimage\"},\"image\":{\"@id\":\"http:\\\/\\\/projectefragments.com\\\/es\\\/programacion\\\/de-cero-a-terra-nullius-un-dialogo-con-andreu-esteban-y-lidon-fores\\\/#primaryimage\"},\"thumbnailUrl\":\"http:\\\/\\\/projectefragments.com\\\/fragments_adm\\\/wp-content\\\/uploads\\\/2025\\\/12\\\/peque-1.jpg\",\"datePublished\":\"2025-12-17T12:47:07+00:00\",\"breadcrumb\":{\"@id\":\"http:\\\/\\\/projectefragments.com\\\/es\\\/programacion\\\/de-cero-a-terra-nullius-un-dialogo-con-andreu-esteban-y-lidon-fores\\\/#breadcrumb\"},\"inLanguage\":\"es\",\"potentialAction\":[{\"@type\":\"ReadAction\",\"target\":[\"http:\\\/\\\/projectefragments.com\\\/es\\\/programacion\\\/de-cero-a-terra-nullius-un-dialogo-con-andreu-esteban-y-lidon-fores\\\/\"]}]},{\"@type\":\"ImageObject\",\"inLanguage\":\"es\",\"@id\":\"http:\\\/\\\/projectefragments.com\\\/es\\\/programacion\\\/de-cero-a-terra-nullius-un-dialogo-con-andreu-esteban-y-lidon-fores\\\/#primaryimage\",\"url\":\"http:\\\/\\\/projectefragments.com\\\/fragments_adm\\\/wp-content\\\/uploads\\\/2025\\\/12\\\/peque-1.jpg\",\"contentUrl\":\"http:\\\/\\\/projectefragments.com\\\/fragments_adm\\\/wp-content\\\/uploads\\\/2025\\\/12\\\/peque-1.jpg\",\"width\":1200,\"height\":1762},{\"@type\":\"BreadcrumbList\",\"@id\":\"http:\\\/\\\/projectefragments.com\\\/es\\\/programacion\\\/de-cero-a-terra-nullius-un-dialogo-con-andreu-esteban-y-lidon-fores\\\/#breadcrumb\",\"itemListElement\":[{\"@type\":\"ListItem\",\"position\":1,\"name\":\"Inici\",\"item\":\"http:\\\/\\\/projectefragments.com\\\/es\\\/\"},{\"@type\":\"ListItem\",\"position\":2,\"name\":\"Actividad\",\"item\":\"http:\\\/\\\/projectefragments.com\\\/es\\\/programacion\\\/\"},{\"@type\":\"ListItem\",\"position\":3,\"name\":\"De cero a Terra Nullius: Un di\u00e1logo con Andreu Esteban y Lid\u00f3n For\u00e9s\"}]},{\"@type\":\"WebSite\",\"@id\":\"http:\\\/\\\/projectefragments.com\\\/#website\",\"url\":\"http:\\\/\\\/projectefragments.com\\\/\",\"name\":\"Projecte Fragments\",\"description\":\"Fotoassaig i mem\u00f2ria visual\",\"potentialAction\":[{\"@type\":\"SearchAction\",\"target\":{\"@type\":\"EntryPoint\",\"urlTemplate\":\"http:\\\/\\\/projectefragments.com\\\/?s={search_term_string}\"},\"query-input\":{\"@type\":\"PropertyValueSpecification\",\"valueRequired\":true,\"valueName\":\"search_term_string\"}}],\"inLanguage\":\"es\"}]}<\/script>\n<!-- \/ Yoast SEO plugin. -->","yoast_head_json":{"title":"De cero a Terra Nullius: Un di\u00e1logo con Andreu Esteban y Lid\u00f3n For\u00e9s | Projecte Fragments","robots":{"index":"index","follow":"follow","max-snippet":"max-snippet:-1","max-image-preview":"max-image-preview:large","max-video-preview":"max-video-preview:-1"},"canonical":"http:\/\/projectefragments.com\/es\/programacion\/de-cero-a-terra-nullius-un-dialogo-con-andreu-esteban-y-lidon-fores\/","og_locale":"es_ES","og_type":"article","og_title":"De cero a Terra Nullius: Un di\u00e1logo con Andreu Esteban y Lid\u00f3n For\u00e9s | Projecte Fragments","og_url":"http:\/\/projectefragments.com\/es\/programacion\/de-cero-a-terra-nullius-un-dialogo-con-andreu-esteban-y-lidon-fores\/","og_site_name":"Projecte Fragments","article_publisher":"https:\/\/www.facebook.com\/projectefragments\/","og_image":[{"width":1200,"height":1762,"url":"http:\/\/projectefragments.com\/fragments_adm\/wp-content\/uploads\/2025\/12\/peque-1.jpg","type":"image\/jpeg"}],"twitter_card":"summary_large_image","twitter_site":"@proj_fragments","twitter_misc":{"Tiempo de lectura":"1 minuto"},"schema":{"@context":"https:\/\/schema.org","@graph":[{"@type":"WebPage","@id":"http:\/\/projectefragments.com\/es\/programacion\/de-cero-a-terra-nullius-un-dialogo-con-andreu-esteban-y-lidon-fores\/","url":"http:\/\/projectefragments.com\/es\/programacion\/de-cero-a-terra-nullius-un-dialogo-con-andreu-esteban-y-lidon-fores\/","name":"De cero a Terra Nullius: Un di\u00e1logo con Andreu Esteban y Lid\u00f3n For\u00e9s | Projecte Fragments","isPartOf":{"@id":"http:\/\/projectefragments.com\/#website"},"primaryImageOfPage":{"@id":"http:\/\/projectefragments.com\/es\/programacion\/de-cero-a-terra-nullius-un-dialogo-con-andreu-esteban-y-lidon-fores\/#primaryimage"},"image":{"@id":"http:\/\/projectefragments.com\/es\/programacion\/de-cero-a-terra-nullius-un-dialogo-con-andreu-esteban-y-lidon-fores\/#primaryimage"},"thumbnailUrl":"http:\/\/projectefragments.com\/fragments_adm\/wp-content\/uploads\/2025\/12\/peque-1.jpg","datePublished":"2025-12-17T12:47:07+00:00","breadcrumb":{"@id":"http:\/\/projectefragments.com\/es\/programacion\/de-cero-a-terra-nullius-un-dialogo-con-andreu-esteban-y-lidon-fores\/#breadcrumb"},"inLanguage":"es","potentialAction":[{"@type":"ReadAction","target":["http:\/\/projectefragments.com\/es\/programacion\/de-cero-a-terra-nullius-un-dialogo-con-andreu-esteban-y-lidon-fores\/"]}]},{"@type":"ImageObject","inLanguage":"es","@id":"http:\/\/projectefragments.com\/es\/programacion\/de-cero-a-terra-nullius-un-dialogo-con-andreu-esteban-y-lidon-fores\/#primaryimage","url":"http:\/\/projectefragments.com\/fragments_adm\/wp-content\/uploads\/2025\/12\/peque-1.jpg","contentUrl":"http:\/\/projectefragments.com\/fragments_adm\/wp-content\/uploads\/2025\/12\/peque-1.jpg","width":1200,"height":1762},{"@type":"BreadcrumbList","@id":"http:\/\/projectefragments.com\/es\/programacion\/de-cero-a-terra-nullius-un-dialogo-con-andreu-esteban-y-lidon-fores\/#breadcrumb","itemListElement":[{"@type":"ListItem","position":1,"name":"Inici","item":"http:\/\/projectefragments.com\/es\/"},{"@type":"ListItem","position":2,"name":"Actividad","item":"http:\/\/projectefragments.com\/es\/programacion\/"},{"@type":"ListItem","position":3,"name":"De cero a Terra Nullius: Un di\u00e1logo con Andreu Esteban y Lid\u00f3n For\u00e9s"}]},{"@type":"WebSite","@id":"http:\/\/projectefragments.com\/#website","url":"http:\/\/projectefragments.com\/","name":"Projecte Fragments","description":"Fotoassaig i mem\u00f2ria visual","potentialAction":[{"@type":"SearchAction","target":{"@type":"EntryPoint","urlTemplate":"http:\/\/projectefragments.com\/?s={search_term_string}"},"query-input":{"@type":"PropertyValueSpecification","valueRequired":true,"valueName":"search_term_string"}}],"inLanguage":"es"}]}},"_links":{"self":[{"href":"http:\/\/projectefragments.com\/es\/wp-json\/wp\/v2\/actividad\/5016","targetHints":{"allow":["GET"]}}],"collection":[{"href":"http:\/\/projectefragments.com\/es\/wp-json\/wp\/v2\/actividad"}],"about":[{"href":"http:\/\/projectefragments.com\/es\/wp-json\/wp\/v2\/types\/actividad"}],"wp:featuredmedia":[{"embeddable":true,"href":"http:\/\/projectefragments.com\/es\/wp-json\/wp\/v2\/media\/5017"}],"wp:attachment":[{"href":"http:\/\/projectefragments.com\/es\/wp-json\/wp\/v2\/media?parent=5016"}],"wp:term":[{"taxonomy":"category","embeddable":true,"href":"http:\/\/projectefragments.com\/es\/wp-json\/wp\/v2\/categories?post=5016"}],"curies":[{"name":"wp","href":"https:\/\/api.w.org\/{rel}","templated":true}]}}

De cero a Terra Nullius: Un diálogo con Andreu Esteban y Lidón Forés

<!-- This site is optimized with the Yoast SEO plugin v27.5 - https://yoast.com/product/yoast-seo-wordpress/ -->
<title>De cero a Terra Nullius: Un diálogo con Andreu Esteban y Lidón Forés | Projecte Fragments</title>
<meta name="robots" content="index, follow, max-snippet:-1, max-image-preview:large, max-video-preview:-1" />
<link rel="canonical" href="http://projectefragments.com/es/programacion/de-cero-a-terra-nullius-un-dialogo-con-andreu-esteban-y-lidon-fores/" />
<meta property="og:locale" content="es_ES" />
<meta property="og:type" content="article" />
<meta property="og:title" content="De cero a Terra Nullius: Un diálogo con Andreu Esteban y Lidón Forés | Projecte Fragments" />
<meta property="og:url" content="http://projectefragments.com/es/programacion/de-cero-a-terra-nullius-un-dialogo-con-andreu-esteban-y-lidon-fores/" />
<meta property="og:site_name" content="Projecte Fragments" />
<meta property="article:publisher" content="https://www.facebook.com/projectefragments/" />
<meta property="og:image" content="http://projectefragments.com/fragments_adm/wp-content/uploads/2025/12/peque-1.jpg" />
	<meta property="og:image:width" content="1200" />
	<meta property="og:image:height" content="1762" />
	<meta property="og:image:type" content="image/jpeg" />
<meta name="twitter:card" content="summary_large_image" />
<meta name="twitter:site" content="@proj_fragments" />
<meta name="twitter:label1" content="Tiempo de lectura" />
	<meta name="twitter:data1" content="1 minuto" />
<script type="application/ld+json" class="yoast-schema-graph">{"@context":"https:\/\/schema.org","@graph":[{"@type":"WebPage","@id":"http:\/\/projectefragments.com\/es\/programacion\/de-cero-a-terra-nullius-un-dialogo-con-andreu-esteban-y-lidon-fores\/","url":"http:\/\/projectefragments.com\/es\/programacion\/de-cero-a-terra-nullius-un-dialogo-con-andreu-esteban-y-lidon-fores\/","name":"De cero a Terra Nullius: Un diálogo con Andreu Esteban y Lidón Forés | Projecte Fragments","isPartOf":{"@id":"http:\/\/projectefragments.com\/#website"},"primaryImageOfPage":{"@id":"http:\/\/projectefragments.com\/es\/programacion\/de-cero-a-terra-nullius-un-dialogo-con-andreu-esteban-y-lidon-fores\/#primaryimage"},"image":{"@id":"http:\/\/projectefragments.com\/es\/programacion\/de-cero-a-terra-nullius-un-dialogo-con-andreu-esteban-y-lidon-fores\/#primaryimage"},"thumbnailUrl":"http:\/\/projectefragments.com\/fragments_adm\/wp-content\/uploads\/2025\/12\/peque-1.jpg","datePublished":"2025-12-17T12:47:07+00:00","breadcrumb":{"@id":"http:\/\/projectefragments.com\/es\/programacion\/de-cero-a-terra-nullius-un-dialogo-con-andreu-esteban-y-lidon-fores\/#breadcrumb"},"inLanguage":"es","potentialAction":[{"@type":"ReadAction","target":["http:\/\/projectefragments.com\/es\/programacion\/de-cero-a-terra-nullius-un-dialogo-con-andreu-esteban-y-lidon-fores\/"]}]},{"@type":"ImageObject","inLanguage":"es","@id":"http:\/\/projectefragments.com\/es\/programacion\/de-cero-a-terra-nullius-un-dialogo-con-andreu-esteban-y-lidon-fores\/#primaryimage","url":"http:\/\/projectefragments.com\/fragments_adm\/wp-content\/uploads\/2025\/12\/peque-1.jpg","contentUrl":"http:\/\/projectefragments.com\/fragments_adm\/wp-content\/uploads\/2025\/12\/peque-1.jpg","width":1200,"height":1762},{"@type":"BreadcrumbList","@id":"http:\/\/projectefragments.com\/es\/programacion\/de-cero-a-terra-nullius-un-dialogo-con-andreu-esteban-y-lidon-fores\/#breadcrumb","itemListElement":[{"@type":"ListItem","position":1,"name":"Inici","item":"http:\/\/projectefragments.com\/es\/"},{"@type":"ListItem","position":2,"name":"Actividad","item":"http:\/\/projectefragments.com\/es\/programacion\/"},{"@type":"ListItem","position":3,"name":"De cero a Terra Nullius: Un diálogo con Andreu Esteban y Lidón Forés"}]},{"@type":"WebSite","@id":"http:\/\/projectefragments.com\/#website","url":"http:\/\/projectefragments.com\/","name":"Projecte Fragments","description":"Fotoassaig i memòria visual","potentialAction":[{"@type":"SearchAction","target":{"@type":"EntryPoint","urlTemplate":"http:\/\/projectefragments.com\/?s={search_term_string}"},"query-input":{"@type":"PropertyValueSpecification","valueRequired":true,"valueName":"search_term_string"}}],"inLanguage":"es"}]}</script>
<!-- / Yoast SEO plugin. -->

De cero a Terra Nullius: Un diálogo con Andreu Esteban y Lidón Forés | Projecte Fragments

Fotoassaig i memòria visual
