{"id":4949,"date":"2025-10-30T06:48:14","date_gmt":"2025-10-30T05:48:14","guid":{"rendered":"https:\/\/projectefragments.com\/?post_type=actividad&#038;p=4949"},"modified":"2025-12-17T13:43:59","modified_gmt":"2025-12-17T12:43:59","slug":"4949","status":"publish","type":"actividad","link":"http:\/\/projectefragments.com\/es\/programacion\/4949\/","title":{"rendered":"Inauguraci\u00f3n exposici\u00f3n Terra Nullius, de Andreu Esteban, ganador de la V edici\u00f3n de la Beca Projecte Fragments"},"featured_media":4927,"menu_order":5,"template":"","categories":[],"class_list":["post-4949","actividad","type-actividad","status-publish","has-post-thumbnail","hentry"],"acf":[],"yoast_head":"<!-- This site is optimized with the Yoast SEO plugin v27.5 - https:\/\/yoast.com\/product\/yoast-seo-wordpress\/ -->\n<title>Inauguraci\u00f3n exposici\u00f3n Terra Nullius, de Andreu Esteban, ganador de la V edici\u00f3n de la Beca Projecte Fragments | Projecte Fragments<\/title>\n<meta name=\"robots\" content=\"index, follow, max-snippet:-1, max-image-preview:large, max-video-preview:-1\" \/>\n<link rel=\"canonical\" href=\"http:\/\/projectefragments.com\/es\/programacion\/4949\/\" \/>\n<meta property=\"og:locale\" content=\"es_ES\" \/>\n<meta property=\"og:type\" content=\"article\" \/>\n<meta property=\"og:title\" content=\"Inauguraci\u00f3n exposici\u00f3n Terra Nullius, de Andreu Esteban, ganador de la V edici\u00f3n de la Beca Projecte Fragments | Projecte Fragments\" \/>\n<meta property=\"og:url\" content=\"http:\/\/projectefragments.com\/es\/programacion\/4949\/\" \/>\n<meta property=\"og:site_name\" content=\"Projecte Fragments\" \/>\n<meta property=\"article:publisher\" content=\"https:\/\/www.facebook.com\/projectefragments\/\" \/>\n<meta property=\"article:modified_time\" content=\"2025-12-17T12:43:59+00:00\" \/>\n<meta property=\"og:image\" content=\"http:\/\/projectefragments.com\/fragments_adm\/wp-content\/uploads\/2025\/10\/AES1089-1024x683.jpg\" \/>\n\t<meta property=\"og:image:width\" content=\"1024\" \/>\n\t<meta property=\"og:image:height\" content=\"683\" \/>\n\t<meta property=\"og:image:type\" content=\"image\/jpeg\" \/>\n<meta name=\"twitter:card\" content=\"summary_large_image\" \/>\n<meta name=\"twitter:site\" content=\"@proj_fragments\" \/>\n<meta name=\"twitter:label1\" content=\"Tiempo de lectura\" \/>\n\t<meta name=\"twitter:data1\" content=\"1 minuto\" \/>\n<script type=\"application\/ld+json\" class=\"yoast-schema-graph\">{\"@context\":\"https:\\\/\\\/schema.org\",\"@graph\":[{\"@type\":\"WebPage\",\"@id\":\"http:\\\/\\\/projectefragments.com\\\/es\\\/programacion\\\/4949\\\/\",\"url\":\"http:\\\/\\\/projectefragments.com\\\/es\\\/programacion\\\/4949\\\/\",\"name\":\"Inauguraci\u00f3n exposici\u00f3n Terra Nullius, de Andreu Esteban, ganador de la V edici\u00f3n de la Beca Projecte Fragments | Projecte Fragments\",\"isPartOf\":{\"@id\":\"http:\\\/\\\/projectefragments.com\\\/#website\"},\"primaryImageOfPage\":{\"@id\":\"http:\\\/\\\/projectefragments.com\\\/es\\\/programacion\\\/4949\\\/#primaryimage\"},\"image\":{\"@id\":\"http:\\\/\\\/projectefragments.com\\\/es\\\/programacion\\\/4949\\\/#primaryimage\"},\"thumbnailUrl\":\"http:\\\/\\\/projectefragments.com\\\/fragments_adm\\\/wp-content\\\/uploads\\\/2025\\\/10\\\/AES1089.jpg\",\"datePublished\":\"2025-10-30T05:48:14+00:00\",\"dateModified\":\"2025-12-17T12:43:59+00:00\",\"breadcrumb\":{\"@id\":\"http:\\\/\\\/projectefragments.com\\\/es\\\/programacion\\\/4949\\\/#breadcrumb\"},\"inLanguage\":\"es\",\"potentialAction\":[{\"@type\":\"ReadAction\",\"target\":[\"http:\\\/\\\/projectefragments.com\\\/es\\\/programacion\\\/4949\\\/\"]}]},{\"@type\":\"ImageObject\",\"inLanguage\":\"es\",\"@id\":\"http:\\\/\\\/projectefragments.com\\\/es\\\/programacion\\\/4949\\\/#primaryimage\",\"url\":\"http:\\\/\\\/projectefragments.com\\\/fragments_adm\\\/wp-content\\\/uploads\\\/2025\\\/10\\\/AES1089.jpg\",\"contentUrl\":\"http:\\\/\\\/projectefragments.com\\\/fragments_adm\\\/wp-content\\\/uploads\\\/2025\\\/10\\\/AES1089.jpg\",\"width\":2500,\"height\":1667,\"caption\":\"\u00a9 Andreu Esteban. Terra Nullius. V Beca Fragments.\"},{\"@type\":\"BreadcrumbList\",\"@id\":\"http:\\\/\\\/projectefragments.com\\\/es\\\/programacion\\\/4949\\\/#breadcrumb\",\"itemListElement\":[{\"@type\":\"ListItem\",\"position\":1,\"name\":\"Inici\",\"item\":\"http:\\\/\\\/projectefragments.com\\\/es\\\/\"},{\"@type\":\"ListItem\",\"position\":2,\"name\":\"Actividad\",\"item\":\"http:\\\/\\\/projectefragments.com\\\/es\\\/programacion\\\/\"},{\"@type\":\"ListItem\",\"position\":3,\"name\":\"Inauguraci\u00f3n exposici\u00f3n Terra Nullius, de Andreu Esteban, ganador de la V edici\u00f3n de la Beca Projecte Fragments\"}]},{\"@type\":\"WebSite\",\"@id\":\"http:\\\/\\\/projectefragments.com\\\/#website\",\"url\":\"http:\\\/\\\/projectefragments.com\\\/\",\"name\":\"Projecte Fragments\",\"description\":\"Fotoassaig i mem\u00f2ria visual\",\"potentialAction\":[{\"@type\":\"SearchAction\",\"target\":{\"@type\":\"EntryPoint\",\"urlTemplate\":\"http:\\\/\\\/projectefragments.com\\\/?s={search_term_string}\"},\"query-input\":{\"@type\":\"PropertyValueSpecification\",\"valueRequired\":true,\"valueName\":\"search_term_string\"}}],\"inLanguage\":\"es\"}]}<\/script>\n<!-- \/ Yoast SEO plugin. -->","yoast_head_json":{"title":"Inauguraci\u00f3n exposici\u00f3n Terra Nullius, de Andreu Esteban, ganador de la V edici\u00f3n de la Beca Projecte Fragments | Projecte Fragments","robots":{"index":"index","follow":"follow","max-snippet":"max-snippet:-1","max-image-preview":"max-image-preview:large","max-video-preview":"max-video-preview:-1"},"canonical":"http:\/\/projectefragments.com\/es\/programacion\/4949\/","og_locale":"es_ES","og_type":"article","og_title":"Inauguraci\u00f3n exposici\u00f3n Terra Nullius, de Andreu Esteban, ganador de la V edici\u00f3n de la Beca Projecte Fragments | Projecte Fragments","og_url":"http:\/\/projectefragments.com\/es\/programacion\/4949\/","og_site_name":"Projecte Fragments","article_publisher":"https:\/\/www.facebook.com\/projectefragments\/","article_modified_time":"2025-12-17T12:43:59+00:00","og_image":[{"width":1024,"height":683,"url":"http:\/\/projectefragments.com\/fragments_adm\/wp-content\/uploads\/2025\/10\/AES1089-1024x683.jpg","type":"image\/jpeg"}],"twitter_card":"summary_large_image","twitter_site":"@proj_fragments","twitter_misc":{"Tiempo de lectura":"1 minuto"},"schema":{"@context":"https:\/\/schema.org","@graph":[{"@type":"WebPage","@id":"http:\/\/projectefragments.com\/es\/programacion\/4949\/","url":"http:\/\/projectefragments.com\/es\/programacion\/4949\/","name":"Inauguraci\u00f3n exposici\u00f3n Terra Nullius, de Andreu Esteban, ganador de la V edici\u00f3n de la Beca Projecte Fragments | Projecte Fragments","isPartOf":{"@id":"http:\/\/projectefragments.com\/#website"},"primaryImageOfPage":{"@id":"http:\/\/projectefragments.com\/es\/programacion\/4949\/#primaryimage"},"image":{"@id":"http:\/\/projectefragments.com\/es\/programacion\/4949\/#primaryimage"},"thumbnailUrl":"http:\/\/projectefragments.com\/fragments_adm\/wp-content\/uploads\/2025\/10\/AES1089.jpg","datePublished":"2025-10-30T05:48:14+00:00","dateModified":"2025-12-17T12:43:59+00:00","breadcrumb":{"@id":"http:\/\/projectefragments.com\/es\/programacion\/4949\/#breadcrumb"},"inLanguage":"es","potentialAction":[{"@type":"ReadAction","target":["http:\/\/projectefragments.com\/es\/programacion\/4949\/"]}]},{"@type":"ImageObject","inLanguage":"es","@id":"http:\/\/projectefragments.com\/es\/programacion\/4949\/#primaryimage","url":"http:\/\/projectefragments.com\/fragments_adm\/wp-content\/uploads\/2025\/10\/AES1089.jpg","contentUrl":"http:\/\/projectefragments.com\/fragments_adm\/wp-content\/uploads\/2025\/10\/AES1089.jpg","width":2500,"height":1667,"caption":"\u00a9 Andreu Esteban. Terra Nullius. V Beca Fragments."},{"@type":"BreadcrumbList","@id":"http:\/\/projectefragments.com\/es\/programacion\/4949\/#breadcrumb","itemListElement":[{"@type":"ListItem","position":1,"name":"Inici","item":"http:\/\/projectefragments.com\/es\/"},{"@type":"ListItem","position":2,"name":"Actividad","item":"http:\/\/projectefragments.com\/es\/programacion\/"},{"@type":"ListItem","position":3,"name":"Inauguraci\u00f3n exposici\u00f3n Terra Nullius, de Andreu Esteban, ganador de la V edici\u00f3n de la Beca Projecte Fragments"}]},{"@type":"WebSite","@id":"http:\/\/projectefragments.com\/#website","url":"http:\/\/projectefragments.com\/","name":"Projecte Fragments","description":"Fotoassaig i mem\u00f2ria visual","potentialAction":[{"@type":"SearchAction","target":{"@type":"EntryPoint","urlTemplate":"http:\/\/projectefragments.com\/?s={search_term_string}"},"query-input":{"@type":"PropertyValueSpecification","valueRequired":true,"valueName":"search_term_string"}}],"inLanguage":"es"}]}},"_links":{"self":[{"href":"http:\/\/projectefragments.com\/es\/wp-json\/wp\/v2\/actividad\/4949","targetHints":{"allow":["GET"]}}],"collection":[{"href":"http:\/\/projectefragments.com\/es\/wp-json\/wp\/v2\/actividad"}],"about":[{"href":"http:\/\/projectefragments.com\/es\/wp-json\/wp\/v2\/types\/actividad"}],"wp:featuredmedia":[{"embeddable":true,"href":"http:\/\/projectefragments.com\/es\/wp-json\/wp\/v2\/media\/4927"}],"wp:attachment":[{"href":"http:\/\/projectefragments.com\/es\/wp-json\/wp\/v2\/media?parent=4949"}],"wp:term":[{"taxonomy":"category","embeddable":true,"href":"http:\/\/projectefragments.com\/es\/wp-json\/wp\/v2\/categories?post=4949"}],"curies":[{"name":"wp","href":"https:\/\/api.w.org\/{rel}","templated":true}]}}

Inauguración exposición Terra Nullius, de Andreu Esteban, ganador de la V edición de la Beca Projecte Fragments

<!-- This site is optimized with the Yoast SEO plugin v27.5 - https://yoast.com/product/yoast-seo-wordpress/ -->
<title>Inauguración exposición Terra Nullius, de Andreu Esteban, ganador de la V edición de la Beca Projecte Fragments | Projecte Fragments</title>
<meta name="robots" content="index, follow, max-snippet:-1, max-image-preview:large, max-video-preview:-1" />
<link rel="canonical" href="http://projectefragments.com/es/programacion/4949/" />
<meta property="og:locale" content="es_ES" />
<meta property="og:type" content="article" />
<meta property="og:title" content="Inauguración exposición Terra Nullius, de Andreu Esteban, ganador de la V edición de la Beca Projecte Fragments | Projecte Fragments" />
<meta property="og:url" content="http://projectefragments.com/es/programacion/4949/" />
<meta property="og:site_name" content="Projecte Fragments" />
<meta property="article:publisher" content="https://www.facebook.com/projectefragments/" />
<meta property="article:modified_time" content="2025-12-17T12:43:59+00:00" />
<meta property="og:image" content="http://projectefragments.com/fragments_adm/wp-content/uploads/2025/10/AES1089-1024x683.jpg" />
	<meta property="og:image:width" content="1024" />
	<meta property="og:image:height" content="683" />
	<meta property="og:image:type" content="image/jpeg" />
<meta name="twitter:card" content="summary_large_image" />
<meta name="twitter:site" content="@proj_fragments" />
<meta name="twitter:label1" content="Tiempo de lectura" />
	<meta name="twitter:data1" content="1 minuto" />
<script type="application/ld+json" class="yoast-schema-graph">{"@context":"https:\/\/schema.org","@graph":[{"@type":"WebPage","@id":"http:\/\/projectefragments.com\/es\/programacion\/4949\/","url":"http:\/\/projectefragments.com\/es\/programacion\/4949\/","name":"Inauguración exposición Terra Nullius, de Andreu Esteban, ganador de la V edición de la Beca Projecte Fragments | Projecte Fragments","isPartOf":{"@id":"http:\/\/projectefragments.com\/#website"},"primaryImageOfPage":{"@id":"http:\/\/projectefragments.com\/es\/programacion\/4949\/#primaryimage"},"image":{"@id":"http:\/\/projectefragments.com\/es\/programacion\/4949\/#primaryimage"},"thumbnailUrl":"http:\/\/projectefragments.com\/fragments_adm\/wp-content\/uploads\/2025\/10\/AES1089.jpg","datePublished":"2025-10-30T05:48:14+00:00","dateModified":"2025-12-17T12:43:59+00:00","breadcrumb":{"@id":"http:\/\/projectefragments.com\/es\/programacion\/4949\/#breadcrumb"},"inLanguage":"es","potentialAction":[{"@type":"ReadAction","target":["http:\/\/projectefragments.com\/es\/programacion\/4949\/"]}]},{"@type":"ImageObject","inLanguage":"es","@id":"http:\/\/projectefragments.com\/es\/programacion\/4949\/#primaryimage","url":"http:\/\/projectefragments.com\/fragments_adm\/wp-content\/uploads\/2025\/10\/AES1089.jpg","contentUrl":"http:\/\/projectefragments.com\/fragments_adm\/wp-content\/uploads\/2025\/10\/AES1089.jpg","width":2500,"height":1667,"caption":"© Andreu Esteban. Terra Nullius. V Beca Fragments."},{"@type":"BreadcrumbList","@id":"http:\/\/projectefragments.com\/es\/programacion\/4949\/#breadcrumb","itemListElement":[{"@type":"ListItem","position":1,"name":"Inici","item":"http:\/\/projectefragments.com\/es\/"},{"@type":"ListItem","position":2,"name":"Actividad","item":"http:\/\/projectefragments.com\/es\/programacion\/"},{"@type":"ListItem","position":3,"name":"Inauguración exposición Terra Nullius, de Andreu Esteban, ganador de la V edición de la Beca Projecte Fragments"}]},{"@type":"WebSite","@id":"http:\/\/projectefragments.com\/#website","url":"http:\/\/projectefragments.com\/","name":"Projecte Fragments","description":"Fotoassaig i memòria visual","potentialAction":[{"@type":"SearchAction","target":{"@type":"EntryPoint","urlTemplate":"http:\/\/projectefragments.com\/?s={search_term_string}"},"query-input":{"@type":"PropertyValueSpecification","valueRequired":true,"valueName":"search_term_string"}}],"inLanguage":"es"}]}</script>
<!-- / Yoast SEO plugin. -->

Inauguración exposición Terra Nullius, de Andreu Esteban, ganador de la V edición de la Beca Projecte Fragments | Projecte Fragments

Fotoassaig i memòria visual
